
{"id":188,"date":"2021-06-17T12:01:09","date_gmt":"2021-06-17T10:01:09","guid":{"rendered":"https:\/\/przedszkole35.edu.wroclaw.pl\/?page_id=188"},"modified":"2021-07-20T11:51:18","modified_gmt":"2021-07-20T09:51:18","slug":"nasza-misja","status":"publish","type":"page","link":"https:\/\/przedszkole35.edu.wroclaw.pl\/index.php\/nasza-misja\/","title":{"rendered":"Wizja i Misja"},"content":{"rendered":"<p>Jeste\u015bmy przedszkolem bezpiecznym, przyjaznym dzieciom, rodzicom oraz&nbsp; nauczycielom i pracownikom.<\/p>\n<p>Pomagamy naszym wychowankom rozwija\u0107 umiej\u0119tno\u015bci, zdolno\u015bci, zaspokaja\u0107 naturalne potrzeby ruchowe, wspomagamy rozw\u00f3j dzieci pe\u0142nosprawnych i niepe\u0142nosprawnych, zgodnie z ich mo\u017cliwo\u015bciami i wrodzonym potencja\u0142em.<\/p>\n<p>Jeste\u015bmy \u015brodowiskiem, w kt\u00f3rym wszyscy uczymy si\u0119 postawy tolerancji wobec innych, wzajemnego zrozumienia i wsp\u00f3\u0142pracy.<\/p>\n<p>&nbsp;<\/p>\n<ul>\n<li>Naszym najwa\u017cniejszym zadaniem jest przygotowa\u0107 dzieci do odnoszenia sukces\u00f3w na miar\u0119 ich indywidualnych mo\u017cliwo\u015bci i radzenia sobie z trudno\u015bciami. Pragniemy nauczy\u0107 dzieci wiary we w\u0142asne mo\u017cliwo\u015bci, rozwija\u0107 w nich optymizm i poczucie w\u0142asnej warto\u015bci.<\/li>\n<li>Tworzymy dzieciom okazje do budowania konstruktywnych wi\u0119zi i nawi\u0105zywania przyjacielskich <a href=\"https:\/\/przedszkole35.wroclaw.pl\/strona\/kontakt\/\">kontakt<\/a>\u00f3w z r\u00f3wie\u015bnikami pozbawionych agresji i dyskryminacji; Uczymy \u017cyczliwo\u015bci, empatii opieraj\u0105c si\u0119 na uniwersalnych warto\u015bciach takich jak mi\u0142o\u015b\u0107, przyja\u017a\u0144, wzajemny szacunek;<\/li>\n<li>Nasze przedszkole pragnie pobudzi\u0107 tw\u00f3rcz\u0105 inwencj\u0119 dziecka poprzez samorealizacj\u0119 w ekspresji plastycznej, s\u0142ownej, muzycznej, ruchowej; realizuj\u0105c program \u201eBawi\u0119 si\u0119 i tworz\u0119\u201d odkrywamy i rozwijamy uzdolnienia i talenty<\/li>\n<li>Chcemy zapewni\u0107 poczucie bezpiecze\u0144stwa i troszczy\u0107 si\u0119 o zdrowie dzieci podejmuj\u0105c <a href=\"https:\/\/przedszkole35.wroclaw.pl\/strona\/projekty\/\">projekty<\/a> z zakresu edukacji prozdrowotnej, organizuj\u0105c bezp\u0142atne badania przesiewowe wzroku, s\u0142uchu, postawy cia\u0142a, realizuj\u0105c projekty \u201eBezpieczny Przedszkolak\u201d<\/li>\n<li>Nasze dzia\u0142ania wychowawczo-dydaktyczne opieramy na sprawdzonych i uznanych metodach pracy oraz d\u0105\u017cymy do wdra\u017cania rozwi\u0105za\u0144 innowacyjnych, proponujemy dzieciom metody aktywne rozwijaj\u0105ce w nich my\u015blenie i dzia\u0142anie kreatywne.<\/li>\n<li>Nasze przedszkole pe\u0142ni funkcj\u0119 doradcz\u0105 i wspieraj\u0105c\u0105 dzia\u0142ania wychowawcze rodzic\u00f3w poprzez \u015bcis\u0142\u0105 wsp\u00f3\u0142prac\u0119, realizacje warsztat\u00f3w w ramach \u201eAkademii dla Rodzic\u00f3w\u201d<\/li>\n<li>Zapewniamy wykwalifikowan\u0105 i kreatywn\u0105 kadr\u0119 pedagogiczn\u0105, ustawicznie doskonal\u0105c\u0105 sw\u00f3j warsztat pracy, zapewniaj\u0105c\u0105 dzieciom wychowanie i edukacj\u0119 na najwy\u017cszym poziomie w atmosferze akceptacji, \u017cyczliwo\u015bci i ciep\u0142a.<\/li>\n<li>W naszych dzia\u0142aniach wspieramy rodzin\u0119 poprzez wsp\u00f3\u0142prac\u0119 z instytucjami lokalnymi<\/li>\n<li>Dzielimy si\u0119 naszym zrozumieniem i \u017cyczliwo\u015bci\u0105 z innymi, bardziej potrzebuj\u0105cymi, poprzez udzia\u0142 w Przedszkolnym Kole \u201eU\u015bmiech za u\u015bmiech\u201d, cyklicznie uczestniczymy w imprezach charytatywnych na rzecz dzieci z rodzinnych dom\u00f3w dziecka<\/li>\n<\/ul>\n","protected":false},"excerpt":{"rendered":"<p>Jeste\u015bmy przedszkolem bezpiecznym, przyjaznym dzieciom, rodzicom oraz&nbsp; nauczycielom i pracownikom. Pomagamy naszym wychowankom rozwija\u0107 umiej\u0119tno\u015bci, zdolno\u015bci, zaspokaja\u0107 naturalne potrzeby ruchowe, wspomagamy rozw\u00f3j dzieci pe\u0142nosprawnych i niepe\u0142nosprawnych, zgodnie z ich mo\u017cliwo\u015bciami [&hellip;]<\/p>\n","protected":false},"author":7,"featured_media":0,"parent":0,"menu_order":0,"comment_status":"closed","ping_status":"closed","template":"","meta":{"footnotes":""},"class_list":["post-188","page","type-page","status-publish","hentry","clearfix"],"_links":{"self":[{"href":"https:\/\/przedszkole35.edu.wroclaw.pl\/index.php\/wp-json\/wp\/v2\/pages\/188","targetHints":{"allow":["GET"]}}],"collection":[{"href":"https:\/\/przedszkole35.edu.wroclaw.pl\/index.php\/wp-json\/wp\/v2\/pages"}],"about":[{"href":"https:\/\/przedszkole35.edu.wroclaw.pl\/index.php\/wp-json\/wp\/v2\/types\/page"}],"author":[{"embeddable":true,"href":"https:\/\/przedszkole35.edu.wroclaw.pl\/index.php\/wp-json\/wp\/v2\/users\/7"}],"replies":[{"embeddable":true,"href":"https:\/\/przedszkole35.edu.wroclaw.pl\/index.php\/wp-json\/wp\/v2\/comments?post=188"}],"version-history":[{"count":3,"href":"https:\/\/przedszkole35.edu.wroclaw.pl\/index.php\/wp-json\/wp\/v2\/pages\/188\/revisions"}],"predecessor-version":[{"id":323,"href":"https:\/\/przedszkole35.edu.wroclaw.pl\/index.php\/wp-json\/wp\/v2\/pages\/188\/revisions\/323"}],"wp:attachment":[{"href":"https:\/\/przedszkole35.edu.wroclaw.pl\/index.php\/wp-json\/wp\/v2\/media?parent=188"}],"curies":[{"name":"wp","href":"https:\/\/api.w.org\/{rel}","templated":true}]}}