
{"id":216,"date":"2021-06-22T11:22:59","date_gmt":"2021-06-22T09:22:59","guid":{"rendered":"https:\/\/przedszkole35.edu.wroclaw.pl\/?page_id=216"},"modified":"2025-09-25T00:54:21","modified_gmt":"2025-09-24T22:54:21","slug":"harmonogram-czasu-pracy-nauczycieli-specjalistow","status":"publish","type":"page","link":"https:\/\/przedszkole35.edu.wroclaw.pl\/index.php\/dla-rodzicow\/harmonogram-czasu-pracy-nauczycieli-specjalistow\/","title":{"rendered":"Harmonogram czasu pracy nauczycieli \u2013 specjalist\u00f3w"},"content":{"rendered":"<div class=\"wpb-content-wrapper\"><p>[vc_row][vc_column width=&#8221;1\/5&#8243;][vc_tta_tabs style=&#8221;flat&#8221; color=&#8221;sandy-brown&#8221; gap=&#8221;5&#8243; active_section=&#8221;1&#8243; css_animation=&#8221;zoomIn&#8221;][vc_tta_section tab_id=&#8221;1620819976099-e2669216-f6fa&#8221; title=&#8221;PONIEDZIA\u0141EK&#8221;][vc_column_text css=&#8221;&#8221;]<\/p>\n<h3 style=\"text-align: center\"><strong>Katarzyna Demendecka<\/strong><\/h3>\n<h4 style=\"text-align: center\"><strong>pedagog specjalny<\/strong><\/h4>\n<p style=\"text-align: center\">8:00-12:00 Du\u017cy Domek<\/p>\n<hr \/>\n<h3 style=\"text-align: center\"><strong>Barbara Ostrowska<\/strong><\/h3>\n<h4 style=\"text-align: center\"><strong>pedagog specjalny<\/strong><\/h4>\n<p style=\"text-align: center\">8:30-14:30 Du\u017cy Domek<\/p>\n<hr \/>\n<h3 style=\"text-align: center\"><strong>Aneta Kordowina<\/strong><\/h3>\n<h4 style=\"text-align: center\"><strong>pedagog specjalny<\/strong><\/h4>\n<p style=\"text-align: center\">9:00-13:00 Ma\u0142y Domek<\/p>\n<hr \/>\n<h3 style=\"text-align: center\"><strong>Anna Brudniak<\/strong><\/h3>\n<h4 style=\"text-align: center\"><strong>pedagog specjalny, terapeuta SI<\/strong><\/h4>\n<p style=\"text-align: center\">8:00-15:00 Du\u017cy Domek<\/p>\n<hr \/>\n<h3 style=\"text-align: center\"><strong>Karolina Mazur<\/strong><\/h3>\n<h4 style=\"text-align: center\"><strong>pedagog specjalny<\/strong><\/h4>\n<p style=\"text-align: center\">9:00-16:00 Du\u017cy Domek<\/p>\n<hr \/>\n<h3 style=\"text-align: center\"><strong>Weronika Karbowiak<\/strong><\/h3>\n<h4 style=\"text-align: center\"><strong>psycholog<\/strong><\/h4>\n<p style=\"text-align: center\">9:00-12:00 Du\u017cy Domek<br \/>\n12:00-14:00 Ma\u0142y Domek<\/p>\n<hr \/>\n<h3 style=\"text-align: center\"><strong>Aleksandra Olech<\/strong><\/h3>\n<h4 style=\"text-align: center\"><strong>arteterapeuta<\/strong><\/h4>\n<p style=\"text-align: center\">13:30-14:15 Ma\u0142y Domek<\/p>\n<hr \/>\n<h3 style=\"text-align: center\"><strong>Katarzyna P\u0142onka-Koco\u0144<\/strong><\/h3>\n<h4 style=\"text-align: center\"><strong>logopeda<\/strong><\/h4>\n<p style=\"text-align: center\">9:30-13:30 Du\u017cy Domek<\/p>\n<hr \/>\n<h3 style=\"text-align: center\"><strong>Sylwia Machelska<\/strong><\/h3>\n<h4 style=\"text-align: center\"><strong>terapeuta SI<\/strong><\/h4>\n<p style=\"text-align: center\">9:00-12:00 Du\u017cy Domek<\/p>\n<hr \/>\n<h3 style=\"text-align: center\"><strong>Katarzyna Kurdziel<\/strong><\/h3>\n<h4 style=\"text-align: center\"><strong>terapeuta SI<\/strong><\/h4>\n<p style=\"text-align: center\">9:00-10:30 Ma\u0142y Domek<br \/>\n10:30-12:00 Du\u017cy Domek<\/p>\n<hr \/>\n<p>[\/vc_column_text][\/vc_tta_section][\/vc_tta_tabs][\/vc_column][vc_column width=&#8221;1\/5&#8243;][vc_tta_tabs style=&#8221;flat&#8221; color=&#8221;peacoc&#8221; gap=&#8221;5&#8243; active_section=&#8221;1&#8243; css_animation=&#8221;zoomIn&#8221;][vc_tta_section title=&#8221;WTOREK&#8221; tab_id=&#8221;1620820362405-6c1f6f08-c487&#8243;][vc_column_text css=&#8221;&#8221;]<\/p>\n<h3 style=\"text-align: center\"><strong>Katarzyna Demendecka<\/strong><\/h3>\n<h4 style=\"text-align: center\"><strong>pedagog specjalny<\/strong><\/h4>\n<p style=\"text-align: center\">8:30-12:30 Du\u017cy Domek<\/p>\n<hr \/>\n<h3 style=\"text-align: center\"><strong>Barbara Ostrowska<\/strong><\/h3>\n<h4 style=\"text-align: center\"><strong>pedagog specjalny<\/strong><\/h4>\n<p style=\"text-align: center\">8:30-12:30 Du\u017cy Domek<\/p>\n<hr \/>\n<h3 style=\"text-align: center\"><strong>Aneta Kordowina<\/strong><\/h3>\n<h4 style=\"text-align: center\"><strong>pedagog specjalny<\/strong><\/h4>\n<p style=\"text-align: center\">8:30-12:30 Ma\u0142y Domek<br \/>\n12:40-13:40 Du\u017cy Domek<\/p>\n<hr \/>\n<h3 style=\"text-align: center\"><strong>Anna Brudniak<\/strong><\/h3>\n<h4 style=\"text-align: center\"><strong>pedagog specjalny, terapeuta SI<\/strong><\/h4>\n<p style=\"text-align: center\">8:30-12:30 Du\u017cy Domek<br \/>\n12:45-15:00 Du\u017cy Domek<\/p>\n<hr \/>\n<h3 style=\"text-align: center\"><strong>Karolina Mazur<\/strong><\/h3>\n<h4 style=\"text-align: center\"><strong>pedagog specjalny<\/strong><\/h4>\n<p style=\"text-align: center\">8:00-15:00 Du\u017cy Domek<\/p>\n<hr \/>\n<h3 style=\"text-align: center\"><strong>Julita Warcholi\u0144ska<\/strong><\/h3>\n<h4 style=\"text-align: center\"><strong>psycholog<\/strong><\/h4>\n<p style=\"text-align: center\">9:00-15:00 Du\u017cy Domek<\/p>\n<hr \/>\n<h3 style=\"text-align: center\"><strong>Weronika Karbowiak<\/strong><\/h3>\n<h4 style=\"text-align: center\"><strong>psycholog<\/strong><\/h4>\n<p style=\"text-align: center\">9:00-14:00 Du\u017cy Domek<\/p>\n<hr \/>\n<h3 style=\"text-align: center\"><strong>Dominika Horoszkiewicz-Walczak<\/strong><\/h3>\n<h4 style=\"text-align: center\"><strong>neurologopeda<\/strong><\/h4>\n<p style=\"text-align: center\">9:00-13:00 Ma\u0142y Domek<\/p>\n<hr \/>\n<h3 style=\"text-align: center\">Katarzyna P\u0142onka-Koco\u0144<\/h3>\n<h4 style=\"text-align: center\"><strong>logopeda<\/strong><\/h4>\n<p style=\"text-align: center\">9:00-15:00 Du\u017cy Domek<\/p>\n<hr \/>\n<h3 style=\"text-align: center\"><strong>Katarzyna Goleniowska<\/strong><\/h3>\n<h4 style=\"text-align: center\"><strong>logopeda<\/strong><\/h4>\n<p style=\"text-align: center\">9:00-12:00\/12:00-15:00<br \/>\nDu\u017cy Domek<\/p>\n<hr \/>\n<h3 style=\"text-align: center\"><strong>Weronika Matyja<\/strong><\/h3>\n<h4 style=\"text-align: center\"><strong>logopeda<\/strong><\/h4>\n<p style=\"text-align: center\">9:00-13:00 Du\u017cy Domek<\/p>\n<hr \/>\n<h3 style=\"text-align: center\"><strong>Aleksandra Olech<\/strong><\/h3>\n<h4 style=\"text-align: center\"><strong>arteterapeutka<\/strong><\/h4>\n<p style=\"text-align: center\">12:00-14:30 Du\u017cy Domek<\/p>\n<hr \/>\n<h3 style=\"text-align: center\"><strong>Beata Radzik<\/strong><\/h3>\n<h4 style=\"text-align: center\"><strong>muzykoterapeutka<\/strong><\/h4>\n<p style=\"text-align: center\">9:00-13:00 Du\u017cy Domek<br \/>\n13:10-15:30 Ma\u0142y Domek<\/p>\n<hr \/>\n<p>[\/vc_column_text][\/vc_tta_section][\/vc_tta_tabs][\/vc_column][vc_column width=&#8221;1\/5&#8243;][vc_tta_tabs style=&#8221;flat&#8221; color=&#8221;vista-blue&#8221; gap=&#8221;5&#8243; active_section=&#8221;1&#8243; css_animation=&#8221;zoomIn&#8221;][vc_tta_section title=&#8221;\u015aRODA&#8221; tab_id=&#8221;1620820366060-901c3452-3829&#8243;][vc_column_text css=&#8221;&#8221;]<\/p>\n<h3 style=\"text-align: center\"><strong>Katarzyna Demendecka<\/strong><\/h3>\n<h4 style=\"text-align: center\"><strong>pedagog specjalny<\/strong><\/h4>\n<p style=\"text-align: center\">8:00-15:45 Du\u017cy Domek<\/p>\n<hr \/>\n<h3 style=\"text-align: center\"><strong>Barbara Ostrowska<\/strong><\/h3>\n<h4 style=\"text-align: center\"><strong>pedagog specjalny<\/strong><\/h4>\n<p style=\"text-align: center\">9:00-13:00 Du\u017cy Domek<\/p>\n<hr \/>\n<h3 style=\"text-align: center\"><strong>Aneta Kordowina<\/strong><\/h3>\n<h4 style=\"text-align: center\"><strong>pedagog specjalny<\/strong><\/h4>\n<p style=\"text-align: center\">8:30-14:00 Ma\u0142y Domek<\/p>\n<hr \/>\n<h3 style=\"text-align: center\"><strong>Anna Brudniak<\/strong><\/h3>\n<h4 style=\"text-align: center\"><strong>pedagog specjalny, terapeuta SI<\/strong><\/h4>\n<p style=\"text-align: center\">8:30-12:30 Du\u017cy Domek<br \/>\n12:45-15:15 Ma\u0142y Domek<\/p>\n<hr \/>\n<h3 style=\"text-align: center\"><strong>Karolina Mazur<\/strong><\/h3>\n<h4 style=\"text-align: center\"><strong>pedagog specjalny<\/strong><\/h4>\n<p style=\"text-align: center\">8:30-15:30 Du\u017cy Domek<\/p>\n<hr \/>\n<h3 style=\"text-align: center\"><strong>Weronika Karbowiak<\/strong><\/h3>\n<h4 style=\"text-align: center\"><strong>psycholog<\/strong><\/h4>\n<p style=\"text-align: center\">9:00-14:00 Du\u017cy Domek<\/p>\n<hr \/>\n<h3 style=\"text-align: center\"><strong>Julita Warcholi\u0144ska<\/strong><\/h3>\n<h4 style=\"text-align: center\"><strong>psycholog<\/strong><\/h4>\n<p style=\"text-align: center\">9:00-12:00 Ma\u0142y Domek<br \/>\n12:00-15:00 Du\u017cy Domek<\/p>\n<hr \/>\n<h3 style=\"text-align: center\">Katarzyna P\u0142onka-Koco\u0144<\/h3>\n<h4 style=\"text-align: center\"><strong>logopeda<\/strong><\/h4>\n<p style=\"text-align: center\">9:00-15:00 Du\u017cy Domek<\/p>\n<hr \/>\n<h3 style=\"text-align: center\"><strong>Katarzyna Goleniowska<\/strong><\/h3>\n<h4 style=\"text-align: center\"><strong>logopeda<\/strong><\/h4>\n<p style=\"text-align: center\">8:30-11:30\/11:30-14:30<br \/>\nMa\u0142y Domek<\/p>\n<hr \/>\n<h3 style=\"text-align: center\"><strong>Weronika Matyja<\/strong><\/h3>\n<h4 style=\"text-align: center\"><strong>logopeda<\/strong><\/h4>\n<p style=\"text-align: center\">9:00-15:00 Du\u017cy Domek<\/p>\n<hr \/>\n<p>[\/vc_column_text][\/vc_tta_section][\/vc_tta_tabs][\/vc_column][vc_column width=&#8221;1\/5&#8243;][vc_tta_tabs style=&#8221;flat&#8221; color=&#8221;pink&#8221; gap=&#8221;5&#8243; active_section=&#8221;1&#8243; css_animation=&#8221;zoomIn&#8221;][vc_tta_section title=&#8221;CZWARTEK&#8221; tab_id=&#8221;1620820372051-77fc86fa-5de9&#8243;][vc_column_text css=&#8221;&#8221;]<\/p>\n<h3 style=\"text-align: center\"><strong>Katarzyna Demendecka<\/strong><\/h3>\n<h4 style=\"text-align: center\"><strong>pedagog specjalny<\/strong><\/h4>\n<p style=\"text-align: center\">8:00-12:00 Du\u017cy Domek<br \/>\n12:00-14:15 Ma\u0142y Domek<\/p>\n<hr \/>\n<h3 style=\"text-align: center\"><strong>Barbara Ostrowska<\/strong><\/h3>\n<h4 style=\"text-align: center\"><strong>pedagog specjalny<\/strong><\/h4>\n<p style=\"text-align: center\">8:30-12:30 Du\u017cy Domek<\/p>\n<hr \/>\n<h3 style=\"text-align: center\"><strong>Aneta Kordowina<\/strong><\/h3>\n<h4 style=\"text-align: center\"><strong>pedagog specjalny<\/strong><\/h4>\n<p style=\"text-align: center\">8:30-14:00 Ma\u0142y Domek<\/p>\n<hr \/>\n<h3 style=\"text-align: center\"><strong>Anna Brudniak<\/strong><\/h3>\n<h4 style=\"text-align: center\"><strong>pedagog specjalny, terapeuta SI<\/strong><\/h4>\n<p style=\"text-align: center\">8:30-12:30 Du\u017cy Domek<br \/>\n12:45-15:15 Ma\u0142y Domek<\/p>\n<hr \/>\n<h3 style=\"text-align: center\"><strong>Karolina Mazur<\/strong><\/h3>\n<h4 style=\"text-align: center\"><strong>pedagog specjalny<\/strong><\/h4>\n<p style=\"text-align: center\">9:00-13:00 Du\u017cy Domek<\/p>\n<hr \/>\n<h3 style=\"text-align: center\"><strong>Ewelina \u017burawik<\/strong><\/h3>\n<h4 style=\"text-align: center\"><strong>pedagog<\/strong><\/h4>\n<p style=\"text-align: center\">9:00-12:00\/12:00-15:00<br \/>\nDu\u017cy Domek<\/p>\n<hr \/>\n<h3 style=\"text-align: center\"><strong>Weronika Karbowiak<\/strong><\/h3>\n<h4 style=\"text-align: center\"><strong>psycholog<\/strong><\/h4>\n<p style=\"text-align: center\">9:00-14:00 Ma\u0142y Domek<\/p>\n<hr \/>\n<h3 style=\"text-align: center\"><strong>Julita Warcholi\u0144ska<\/strong><\/h3>\n<h4 style=\"text-align: center\"><strong>psycholog<\/strong><\/h4>\n<p style=\"text-align: center\">9:00-15:00 Ma\u0142y Domek<\/p>\n<hr \/>\n<h3 style=\"text-align: center\"><strong>Katarzyna P\u0142onka-Koco\u0144<\/strong><\/h3>\n<h4 style=\"text-align: center\"><strong>logopeda<\/strong><\/h4>\n<p style=\"text-align: center\">9:00-14:00 Du\u017cy Domek<\/p>\n<hr \/>\n<h3 style=\"text-align: center\"><strong>Beata Radzik<\/strong><\/h3>\n<h4 style=\"text-align: center\"><strong>muzykoterapeuta<\/strong><\/h4>\n<p style=\"text-align: center\">9:00-10:30 Ma\u0142y Domek<br \/>\n10:40-15:45 Du\u017cy Domek<\/p>\n<hr \/>\n<h3 style=\"text-align: center\"><strong>Katarzyna Kurdziel<\/strong><\/h3>\n<h4 style=\"text-align: center\"><strong>terapeuta SI<\/strong><\/h4>\n<p style=\"text-align: center\">8:15:00-11:15 Du\u017cy Domek<\/p>\n<hr \/>\n<h3 style=\"text-align: center\"><strong>Katarzyna Jab\u0142o\u0144ska<\/strong><\/h3>\n<h4 style=\"text-align: center\"><strong>nauczyciel gimnastyki korekcyjnej<\/strong><\/h4>\n<p style=\"text-align: center\">9:30-12:00 Ma\u0142y Domek<br \/>\n12:15-15:30 Du\u017cy Domek<\/p>\n<hr \/>\n<p>[\/vc_column_text][\/vc_tta_section][\/vc_tta_tabs][\/vc_column][vc_column width=&#8221;1\/5&#8243;][vc_tta_tabs style=&#8221;flat&#8221; color=&#8221;purple&#8221; gap=&#8221;5&#8243; active_section=&#8221;1&#8243; css_animation=&#8221;zoomIn&#8221;][vc_tta_section title=&#8221;PI\u0104TEK&#8221; tab_id=&#8221;1620820375684-b69cac07-f777&#8243;][vc_column_text css=&#8221;&#8221;]<\/p>\n<h3 style=\"text-align: center\"><strong>Katarzyna Demendecka<\/strong><\/h3>\n<h4 style=\"text-align: center\"><strong>pedagog specjalny<\/strong><\/h4>\n<p style=\"text-align: center\">8:30-12:30 Du\u017cy Domek<\/p>\n<hr \/>\n<h3 style=\"text-align: center\"><strong>Barbara Ostrowska<\/strong><\/h3>\n<h4 style=\"text-align: center\"><strong>pedagog specjalny<\/strong><\/h4>\n<p style=\"text-align: center\">8:30-12:30 Du\u017cy Domek<\/p>\n<hr \/>\n<h3 style=\"text-align: center\"><strong>Aneta Kordowina<\/strong><\/h3>\n<h4 style=\"text-align: center\"><strong>pedagog specjalny<\/strong><\/h4>\n<p style=\"text-align: center\">8:30-12:30 Ma\u0142y Domek<\/p>\n<hr \/>\n<h3 style=\"text-align: center\"><strong>Anna Brudniak<\/strong><\/h3>\n<h4 style=\"text-align: center\"><strong>pedagog specjalny<\/strong><\/h4>\n<p style=\"text-align: center\">8:30-12:30 Du\u017cy Domek<\/p>\n<hr \/>\n<h3 style=\"text-align: center\"><strong>Karolina Mazur<\/strong><\/h3>\n<h4 style=\"text-align: center\"><strong>pedagog specjalny<\/strong><\/h4>\n<p style=\"text-align: center\">8:00-12:00 Du\u017cy Domek<\/p>\n<hr \/>\n<h3 style=\"text-align: center\"><strong>Weronika Karbowiak<\/strong><\/h3>\n<h4 style=\"text-align: center\"><strong>psycholog<\/strong><\/h4>\n<p style=\"text-align: center\">9:00-14:00 Du\u017cy Domek<\/p>\n<hr \/>\n<h3 style=\"text-align: center\"><strong>Joanna Szymczakowska<\/strong><\/h3>\n<h4 style=\"text-align: center\"><strong>neurologopeda<\/strong><\/h4>\n<p style=\"text-align: center\">8:00-14:00 Ma\u0142y Domek<\/p>\n<hr \/>\n<h3 style=\"text-align: center\"><strong>Katarzyna P\u0142onka-Koco\u0144<\/strong><\/h3>\n<h4 style=\"text-align: center\"><strong>logopeda<\/strong><\/h4>\n<p style=\"text-align: center\">9:30-12:30 Ma\u0142y Domek<\/p>\n<hr \/>\n<h3 style=\"text-align: center\"><strong>Weronika Matyja<\/strong><\/h3>\n<h4 style=\"text-align: center\"><strong>logopeda<\/strong><\/h4>\n<p style=\"text-align: center\">9:00-14:00 Ma\u0142y Domek<\/p>\n<hr \/>\n<h3 style=\"text-align: center\"><strong>Aleksandra Olech<\/strong><\/h3>\n<h4 style=\"text-align: center\"><strong>areteterapeuta<\/strong><\/h4>\n<p style=\"text-align: center\">13:30-15:30 Du\u017cy Domek<\/p>\n<hr \/>\n<h3 style=\"text-align: center\"><strong>Katarzyna Jab\u0142o\u0144ska<\/strong><\/h3>\n<h4 style=\"text-align: center\"><strong>nauczyciel gimnastyki korekcyjnej<\/strong><\/h4>\n<p style=\"text-align: center\">11:15-15:15 Du\u017cy Domek<\/p>\n<hr \/>\n<p>[\/vc_column_text][\/vc_tta_section][\/vc_tta_tabs][\/vc_column][\/vc_row]<\/p>\n<\/div>","protected":false},"excerpt":{"rendered":"<p>[vc_row][vc_column width=&#8221;1\/5&#8243;][vc_tta_tabs style=&#8221;flat&#8221; color=&#8221;sandy-brown&#8221; gap=&#8221;5&#8243; active_section=&#8221;1&#8243; css_animation=&#8221;zoomIn&#8221;][vc_tta_section tab_id=&#8221;1620819976099-e2669216-f6fa&#8221; title=&#8221;PONIEDZIA\u0141EK&#8221;][vc_column_text css=&#8221;&#8221;] Katarzyna Demendecka pedagog specjalny 8:00-12:00 Du\u017cy Domek Barbara Ostrowska pedagog specjalny 8:30-14:30 Du\u017cy Domek Aneta Kordowina pedagog specjalny 9:00-13:00 Ma\u0142y [&hellip;]<\/p>\n","protected":false},"author":7,"featured_media":0,"parent":199,"menu_order":0,"comment_status":"closed","ping_status":"closed","template":"","meta":{"footnotes":""},"class_list":["post-216","page","type-page","status-publish","hentry","clearfix"],"_links":{"self":[{"href":"https:\/\/przedszkole35.edu.wroclaw.pl\/index.php\/wp-json\/wp\/v2\/pages\/216","targetHints":{"allow":["GET"]}}],"collection":[{"href":"https:\/\/przedszkole35.edu.wroclaw.pl\/index.php\/wp-json\/wp\/v2\/pages"}],"about":[{"href":"https:\/\/przedszkole35.edu.wroclaw.pl\/index.php\/wp-json\/wp\/v2\/types\/page"}],"author":[{"embeddable":true,"href":"https:\/\/przedszkole35.edu.wroclaw.pl\/index.php\/wp-json\/wp\/v2\/users\/7"}],"replies":[{"embeddable":true,"href":"https:\/\/przedszkole35.edu.wroclaw.pl\/index.php\/wp-json\/wp\/v2\/comments?post=216"}],"version-history":[{"count":48,"href":"https:\/\/przedszkole35.edu.wroclaw.pl\/index.php\/wp-json\/wp\/v2\/pages\/216\/revisions"}],"predecessor-version":[{"id":27637,"href":"https:\/\/przedszkole35.edu.wroclaw.pl\/index.php\/wp-json\/wp\/v2\/pages\/216\/revisions\/27637"}],"up":[{"embeddable":true,"href":"https:\/\/przedszkole35.edu.wroclaw.pl\/index.php\/wp-json\/wp\/v2\/pages\/199"}],"wp:attachment":[{"href":"https:\/\/przedszkole35.edu.wroclaw.pl\/index.php\/wp-json\/wp\/v2\/media?parent=216"}],"curies":[{"name":"wp","href":"https:\/\/api.w.org\/{rel}","templated":true}]}}